{"id":6233,"date":"2025-06-30T19:47:51","date_gmt":"2025-06-30T17:47:51","guid":{"rendered":"https:\/\/ordrepharmacien.bf\/?page_id=6233"},"modified":"2025-07-04T02:55:07","modified_gmt":"2025-07-04T00:55:07","slug":"lepharmacien","status":"publish","type":"page","link":"https:\/\/ordrepharmacien.bf\/index.php\/lepharmacien\/","title":{"rendered":"Le Pharmacien"},"content":{"rendered":"\t\t<div data-elementor-type=\"wp-page\" data-elementor-id=\"6233\" class=\"elementor elementor-6233\">\n\t\t\t\t        <section class=\"elementor-section elementor-top-section elementor-element elementor-element-d50ddf7 elementor-section-boxed elementor-section-height-default elementor-section-height-default ct-header-fixed-none ct-row-max-none\" data-id=\"d50ddf7\" data-element_type=\"section\" data-settings=\"{&quot;background_background&quot;:&quot;classic&quot;}\">\n            \n                        <div class=\"elementor-container elementor-column-gap-extended \">\n                    <div class=\"elementor-column elementor-col-100 elementor-top-column elementor-element elementor-element-74dc48e\" data-id=\"74dc48e\" data-element_type=\"column\">\n        <div class=\"elementor-widget-wrap elementor-element-populated\">\n                    \n        \r\n\t\t<div class=\"elementor-element elementor-element-6c1fb19 elementor-widget elementor-widget-ct_fancy_box_grid\" data-id=\"6c1fb19\" data-element_type=\"widget\" data-widget_type=\"ct_fancy_box_grid.default\">\n\t\t\t\t<div class=\"elementor-widget-container\">\n\t\t\t\t\t    <div id=\"ct_fancy_box_grid-6c1fb19\" class=\"ct-grid ct-fancy-box-grid ct-fancy-box-grid2\">\r\n        <div class=\"ct-grid-inner ct-grid-masonry row\" data-gutter=\"7\">\r\n                            <div class=\"grid-item col-xl-4 col-lg-4 col-md-6 col-sm-6 col-12\">\r\n                    <div class=\"item--inner same-height\">\r\n                                                    <div class=\"item--icon\">\r\n                                <i aria-hidden=\"true\" class=\"flaticonv3 flaticonv3-login\"><\/i>                                                            <\/div>\r\n                                                \r\n                        <h3 class=\"item--title\">    \r\n                            Se connecter                        <\/h3>\r\n                        <div class=\"item--desc\">Connecter vous \u00e0 votre compte<\/div>\r\n                                           <\/div>\r\n                   <div class=\"item--shadow\"><\/div>\r\n                <\/div>\r\n                            <div class=\"grid-item col-xl-4 col-lg-4 col-md-6 col-sm-6 col-12\">\r\n                    <div class=\"item--inner same-height\">\r\n                                                    <div class=\"item--icon\">\r\n                                <i aria-hidden=\"true\" class=\"material zmdi zmdi-graduation-cap\"><\/i>                                                            <\/div>\r\n                                                \r\n                        <h3 class=\"item--title\">    \r\n                            S'inscrire \u00e0 l'ordre                        <\/h3>\r\n                        <div class=\"item--desc\">Les conditions pour s'inscrire \u00e0 l'ordre <\/div>\r\n                                                    <a class=\"item-link\" href=\"https:\/\/ordrepharmacien.bf\/index.php\/service\/devenir-membre\/\"><\/a>\r\n                                           <\/div>\r\n                   <div class=\"item--shadow\"><\/div>\r\n                <\/div>\r\n                            <div class=\"grid-item col-xl-4 col-lg-4 col-md-6 col-sm-6 col-12\">\r\n                    <div class=\"item--inner same-height\">\r\n                                                    <div class=\"item--icon\">\r\n                                <i aria-hidden=\"true\" class=\"fas fa-file-import\"><\/i>                                                            <\/div>\r\n                                                \r\n                        <h3 class=\"item--title\">    \r\n                            Inscription en ligne                        <\/h3>\r\n                        <div class=\"item--desc\">Enregistrer sa demande aupr\u00e8s de l'Ordre National<\/div>\r\n                                           <\/div>\r\n                   <div class=\"item--shadow\"><\/div>\r\n                <\/div>\r\n                            <div class=\"grid-item col-xl-4 col-lg-4 col-md-6 col-sm-6 col-12\">\r\n                    <div class=\"item--inner same-height\">\r\n                                                    <div class=\"item--icon\">\r\n                                <i aria-hidden=\"true\" class=\"fas fa-chalkboard-teacher\"><\/i>                                                            <\/div>\r\n                                                \r\n                        <h3 class=\"item--title\">    \r\n                            Tableau de l'ordre                        <\/h3>\r\n                        <div class=\"item--desc\">Consulter la liste des pharmaciens inscrits au tableau de l'ordre national des pharmaciens du Burkina Faso<\/div>\r\n                                                    <a class=\"item-link\" href=\"https:\/\/ordrepharmacien.bf\/index.php\/service\/tableau-ordre\/\"><\/a>\r\n                                           <\/div>\r\n                   <div class=\"item--shadow\"><\/div>\r\n                <\/div>\r\n                            <div class=\"grid-item col-xl-4 col-lg-4 col-md-6 col-sm-6 col-12\">\r\n                    <div class=\"item--inner same-height\">\r\n                                                    <div class=\"item--icon\">\r\n                                <i aria-hidden=\"true\" class=\"material zmdi zmdi-local-pharmacy\"><\/i>                                                            <\/div>\r\n                                                \r\n                        <h3 class=\"item--title\">    \r\n                            Annuaire des pharmacies                        <\/h3>\r\n                        <div class=\"item--desc\">Consulter la liste des Pharmacies<\/div>\r\n                                                    <a class=\"item-link\" href=\"https:\/\/ordrepharmacien.bf\/index.php\/service\/annuaire-pharmacie\/\"><\/a>\r\n                                           <\/div>\r\n                   <div class=\"item--shadow\"><\/div>\r\n                <\/div>\r\n                            <div class=\"grid-item col-xl-4 col-lg-4 col-md-6 col-sm-6 col-12\">\r\n                    <div class=\"item--inner same-height\">\r\n                                                    <div class=\"item--icon\">\r\n                                <i aria-hidden=\"true\" class=\"material zmdi zmdi-format-list-bulleted\"><\/i>                                                            <\/div>\r\n                                                \r\n                        <h3 class=\"item--title\">    \r\n                            Pharmacie de Garde                        <\/h3>\r\n                        <div class=\"item--desc\">Consulter les programmes des Pharmacies de garde<\/div>\r\n                                                    <a class=\"item-link\" href=\"https:\/\/ordrepharmacien.bf\/index.php\/service\/pharmacie-garde\/\"><\/a>\r\n                                           <\/div>\r\n                   <div class=\"item--shadow\"><\/div>\r\n                <\/div>\r\n                        <div class=\"grid-sizer col-xl-4 col-lg-4 col-md-6 col-sm-6 col-12\"><\/div>\r\n        <\/div>\r\n    <\/div>\r\n\t\t\t\t<\/div>\n\t\t\t\t<\/div>\n\t\t            <\/div>\n        <\/div>\n                    <\/div>\n        <\/section>\n                <section class=\"elementor-section elementor-top-section elementor-element elementor-element-186df5b5 elementor-section-stretched elementor-section-boxed elementor-section-height-default elementor-section-height-default ct-header-fixed-none ct-row-max-none\" data-id=\"186df5b5\" data-element_type=\"section\" data-settings=\"{&quot;stretch_section&quot;:&quot;section-stretched&quot;,&quot;background_background&quot;:&quot;classic&quot;}\">\n            \n                        <div class=\"elementor-container elementor-column-gap-extended \">\n                    <div class=\"elementor-column elementor-col-100 elementor-top-column elementor-element elementor-element-1f140b8c\" data-id=\"1f140b8c\" data-element_type=\"column\">\n        <div class=\"elementor-widget-wrap elementor-element-populated\">\n                    \n        \t\t<div class=\"elementor-element elementor-element-661063e1 elementor-widget elementor-widget-ct_clients_list\" data-id=\"661063e1\" data-element_type=\"widget\" data-widget_type=\"ct_clients_list.default\">\n\t\t\t\t<div class=\"elementor-widget-container\">\n\t\t\t\t\t    <div class=\"ct-client1 ct-slick-slider style1\">\r\n        <div class=\"ct-clients-list-inner\">\r\n            <div class=\"ct-slick-carousel\" data-arrows=\"\" data-dots=\"\" data-pauseOnHover=\"\" data-autoplay=\"true\" data-autoplaySpeed=\"8000\" data-infinite=\"true\" data-speed=\"800\" data-colxs=\"2\" data-colsm=\"3\" data-colmd=\"4\" data-collg=\"4\" data-colxl=\"4\" data-dir=\"false\" data-slidesToScroll=\"1\">\r\n                                        <div class=\"slick-slide\">\r\n                            <div class=\"client-image wow zoomIn\">\r\n                                <a href=\"#\">\r\n                                    <img decoding=\"async\" width=\"120\" height=\"100\" src=\"https:\/\/ordrepharmacien.bf\/wp-content\/uploads\/2025\/06\/Ministere-de-la-sante-Burkina-Faso.png\" class=\"ct-thumb-1 attachment-full\" alt=\"\" \/>                                                                    <\/a>\r\n                            <\/div>\r\n                        <\/div>\r\n                                                            <div class=\"slick-slide\">\r\n                            <div class=\"client-image wow zoomIn\">\r\n                                <a href=\"#\">\r\n                                    <img decoding=\"async\" width=\"150\" height=\"100\" src=\"https:\/\/ordrepharmacien.bf\/wp-content\/uploads\/2025\/06\/logoanrp.jpg\" class=\"ct-thumb-1 attachment-full\" alt=\"\" \/>                                                                    <\/a>\r\n                            <\/div>\r\n                        <\/div>\r\n                                                            <div class=\"slick-slide\">\r\n                            <div class=\"client-image wow zoomIn\">\r\n                                <a href=\"#\">\r\n                                    <img decoding=\"async\" width=\"100\" height=\"100\" src=\"https:\/\/ordrepharmacien.bf\/wp-content\/uploads\/2025\/06\/syndicat.jpg\" class=\"ct-thumb-1 attachment-full\" alt=\"\" \/>                                                                    <\/a>\r\n                            <\/div>\r\n                        <\/div>\r\n                                                            <div class=\"slick-slide\">\r\n                            <div class=\"client-image wow zoomIn\">\r\n                                <a href=\"#\">\r\n                                    <img loading=\"lazy\" decoding=\"async\" width=\"100\" height=\"100\" src=\"https:\/\/ordrepharmacien.bf\/wp-content\/uploads\/2025\/06\/GIEPHAB.png\" class=\"ct-thumb-1 attachment-full\" alt=\"\" \/>                                                                    <\/a>\r\n                            <\/div>\r\n                        <\/div>\r\n                                                            <div class=\"slick-slide\">\r\n                            <div class=\"client-image wow zoomIn\">\r\n                                <a href=\"#\">\r\n                                    <img loading=\"lazy\" decoding=\"async\" width=\"100\" height=\"100\" src=\"https:\/\/ordrepharmacien.bf\/wp-content\/uploads\/2025\/06\/ordreinfrimiere.jpg\" class=\"ct-thumb-1 attachment-full\" alt=\"\" \/>                                                                    <\/a>\r\n                            <\/div>\r\n                        <\/div>\r\n                                                            <div class=\"slick-slide\">\r\n                            <div class=\"client-image wow zoomIn\">\r\n                                <a >\r\n                                    <img loading=\"lazy\" decoding=\"async\" width=\"107\" height=\"100\" src=\"https:\/\/ordrepharmacien.bf\/wp-content\/uploads\/2025\/07\/logocnom.png\" class=\"ct-thumb-1 attachment-full\" alt=\"\" \/>                                                                    <\/a>\r\n                            <\/div>\r\n                        <\/div>\r\n                                                            <div class=\"slick-slide\">\r\n                            <div class=\"client-image wow zoomIn\">\r\n                                <a >\r\n                                    <img loading=\"lazy\" decoding=\"async\" width=\"100\" height=\"100\" src=\"https:\/\/ordrepharmacien.bf\/wp-content\/uploads\/2025\/07\/ordresage.jpg\" class=\"ct-thumb-1 attachment-full\" alt=\"\" \/>                                                                    <\/a>\r\n                            <\/div>\r\n                        <\/div>\r\n                                                            <div class=\"slick-slide\">\r\n                            <div class=\"client-image wow zoomIn\">\r\n                                <a >\r\n                                    <img loading=\"lazy\" decoding=\"async\" width=\"100\" height=\"100\" src=\"https:\/\/ordrepharmacien.bf\/wp-content\/uploads\/2025\/07\/logo-oncd.jpg\" class=\"ct-thumb-1 attachment-full\" alt=\"\" \/>                                                                    <\/a>\r\n                            <\/div>\r\n                        <\/div>\r\n                                                <\/div>\r\n        <\/div>\r\n    <\/div>\r\n\t\t\t\t<\/div>\n\t\t\t\t<\/div>\n\t\t            <\/div>\n        <\/div>\n                    <\/div>\n        <\/section>\n        \t\t<\/div>\n\t\t","protected":false},"excerpt":{"rendered":"<p>Se connecter Connecter vous \u00e0 votre compte S&#8217;inscrire \u00e0 l&#8217;ordre Les conditions pour s&#8217;inscrire \u00e0 l&#8217;ordre Inscription en ligne Enregistrer sa demande aupr\u00e8s de l&#8217;Ordre National Tableau de l&#8217;ordre Consulter la liste des pharmaciens inscrits au tableau de l&#8217;ordre national des pharmaciens du Burkina Faso Annuaire des pharmacies Consulter la liste des Pharmacies Pharmacie de [&hellip;]<\/p>\n","protected":false},"author":1,"featured_media":0,"parent":0,"menu_order":0,"comment_status":"closed","ping_status":"closed","template":"","meta":{"footnotes":""},"class_list":["post-6233","page","type-page","status-publish","hentry"],"_links":{"self":[{"href":"https:\/\/ordrepharmacien.bf\/index.php\/wp-json\/wp\/v2\/pages\/6233","targetHints":{"allow":["GET"]}}],"collection":[{"href":"https:\/\/ordrepharmacien.bf\/index.php\/wp-json\/wp\/v2\/pages"}],"about":[{"href":"https:\/\/ordrepharmacien.bf\/index.php\/wp-json\/wp\/v2\/types\/page"}],"author":[{"embeddable":true,"href":"https:\/\/ordrepharmacien.bf\/index.php\/wp-json\/wp\/v2\/users\/1"}],"replies":[{"embeddable":true,"href":"https:\/\/ordrepharmacien.bf\/index.php\/wp-json\/wp\/v2\/comments?post=6233"}],"version-history":[{"count":0,"href":"https:\/\/ordrepharmacien.bf\/index.php\/wp-json\/wp\/v2\/pages\/6233\/revisions"}],"wp:attachment":[{"href":"https:\/\/ordrepharmacien.bf\/index.php\/wp-json\/wp\/v2\/media?parent=6233"}],"curies":[{"name":"wp","href":"https:\/\/api.w.org\/{rel}","templated":true}]}}