{"id":6006,"date":"2025-06-19T21:38:51","date_gmt":"2025-06-19T19:38:51","guid":{"rendered":"https:\/\/ordrepharmacien.bf\/?page_id=6006"},"modified":"2025-07-04T02:43:08","modified_gmt":"2025-07-04T00:43:08","slug":"groupe-2-bobo","status":"publish","type":"page","link":"https:\/\/ordrepharmacien.bf\/index.php\/groupe-2-bobo\/","title":{"rendered":"Groupe 2 &#8211; Bobo"},"content":{"rendered":"\t\t<div data-elementor-type=\"wp-page\" data-elementor-id=\"6006\" class=\"elementor elementor-6006\">\n\t\t\t\t        <section class=\"elementor-section elementor-top-section elementor-element elementor-element-14ea905 elementor-section-boxed elementor-section-height-default elementor-section-height-default ct-header-fixed-none ct-row-max-none\" data-id=\"14ea905\" data-element_type=\"section\">\n            \n                        <div class=\"elementor-container elementor-column-gap-extended \">\n                    <div class=\"elementor-column elementor-col-66 elementor-top-column elementor-element elementor-element-b006059\" data-id=\"b006059\" data-element_type=\"column\">\n        <div class=\"elementor-widget-wrap elementor-element-populated\">\n                    \n        \r\n\t\t<div class=\"elementor-element elementor-element-3ac85f3 elementor-widget elementor-widget-ct_title\" data-id=\"3ac85f3\" data-element_type=\"widget\" data-widget_type=\"ct_title.default\">\n\t\t\t\t<div class=\"elementor-widget-container\">\n\t\t\t\t\t<div class=\"ct-title1 style2\">\r\n    <h3>\r\n    \t\t        <span>Pharmacie Groupe 2 Bobo Dioulasso<\/span>\r\n\t        <i><\/i>\r\n\t        <\/h3>\r\n<\/div>\t\t\t\t<\/div>\n\t\t\t\t<\/div>\n\t\t\t\t<div class=\"elementor-element elementor-element-d406075 elementor-widget elementor-widget-shortcode\" data-id=\"d406075\" data-element_type=\"widget\" data-widget_type=\"shortcode.default\">\n\t\t\t\t<div class=\"elementor-widget-container\">\n\t\t\t\t\t\t\t<div class=\"elementor-shortcode\">\n<table id=\"tablepress-2\" class=\"tablepress tablepress-id-2\">\n<thead>\n<tr class=\"row-1\">\n\t<th class=\"column-1\">N\u00b0<\/th><th class=\"column-2\">PHARMACIE <\/th><th class=\"column-3\">TELEPHONE<\/th><th class=\"column-4\">SITUATION GEOGRAPHIQUE<\/th>\n<\/tr>\n<\/thead>\n<tbody class=\"row-striping row-hover\">\n<tr class=\"row-2\">\n\t<td class=\"column-1\">1<\/td><td class=\"column-2\">Aeroport<\/td><td class=\"column-3\">20 97 50 14<\/td><td class=\"column-4\">Face \u00e0 la Brakina<\/td>\n<\/tr>\n<tr class=\"row-3\">\n\t<td class=\"column-1\">2<\/td><td class=\"column-2\">Bolibana<\/td><td class=\"column-3\">20 96 50 96<\/td><td class=\"column-4\">Non loin WEND-Konta cit\u00e9 relais sect23<\/td>\n<\/tr>\n<tr class=\"row-4\">\n\t<td class=\"column-1\">3<\/td><td class=\"column-2\">Boulevard<\/td><td class=\"column-3\">20 97 30 00<\/td><td class=\"column-4\">Face \u00e0 TSR<\/td>\n<\/tr>\n<tr class=\"row-5\">\n\t<td class=\"column-1\">4<\/td><td class=\"column-2\">Christ-Roi<\/td><td class=\"column-3\">20 95 58 53<\/td><td class=\"column-4\">Sect 24, \u00e0 300m du CSPS de Kua<\/td>\n<\/tr>\n<tr class=\"row-6\">\n\t<td class=\"column-1\">5<\/td><td class=\"column-2\">Djam<\/td><td class=\"column-3\">57-04-78-85<\/td><td class=\"column-4\">Sect 29 \u00e0\u00a0c\u00f4t\u00e9\u00a0de\u00a0l\u2019INSSA<\/td>\n<\/tr>\n<tr class=\"row-7\">\n\t<td class=\"column-1\">6<\/td><td class=\"column-2\">Dinie<\/td><td class=\"column-3\">56 89 89 12<\/td><td class=\"column-4\">Kod\u00e9ni, route de Banfora \u00e0 100 m de la station Oryx<\/td>\n<\/tr>\n<tr class=\"row-8\">\n\t<td class=\"column-1\">7<\/td><td class=\"column-2\">Djena<\/td><td class=\"column-3\">20 98 37 98<\/td><td class=\"column-4\">Av. Nelson Mandela, Ouezzin Ville<\/td>\n<\/tr>\n<tr class=\"row-9\">\n\t<td class=\"column-1\">8<\/td><td class=\"column-2\">Havvah<\/td><td class=\"column-3\">20 95 75 98<\/td><td class=\"column-4\">A c\u00f4t\u00e9 de Burkina secours sect24<\/td>\n<\/tr>\n<tr class=\"row-10\">\n\t<td class=\"column-1\">9<\/td><td class=\"column-2\">Houet Nouvelle<\/td><td class=\"column-3\">20 95 53 08<\/td><td class=\"column-4\">Sect. 1 \u00e0 c\u00f4t\u00e9 de la Direction de la SOFITEX<\/td>\n<\/tr>\n<tr class=\"row-11\">\n\t<td class=\"column-1\">10<\/td><td class=\"column-2\">Kone<\/td><td class=\"column-3\">20 95 76 95<\/td><td class=\"column-4\">A c\u00f4t\u00e9 du Tribunal du Commerce sect18<\/td>\n<\/tr>\n<tr class=\"row-12\">\n\t<td class=\"column-1\">11<\/td><td class=\"column-2\">Lafia<\/td><td class=\"column-3\">20 95 54 37<\/td><td class=\"column-4\">Yeguere coura route Bobo 2010<\/td>\n<\/tr>\n<tr class=\"row-13\">\n\t<td class=\"column-1\">12<\/td><td class=\"column-2\">Lucien<\/td><td class=\"column-3\">20 97 51 52<\/td><td class=\"column-4\">Sect. 1 \u00e0 c\u00f4t\u00e9 du commissariat central<\/td>\n<\/tr>\n<tr class=\"row-14\">\n\t<td class=\"column-1\">13<\/td><td class=\"column-2\">Mah-Ta<\/td><td class=\"column-3\">20 98 28 25<\/td><td class=\"column-4\">Sect. 21, face \u00e0 la base a\u00e9ri\u00e8nne, route de Nasso<\/td>\n<\/tr>\n<tr class=\"row-15\">\n\t<td class=\"column-1\">14<\/td><td class=\"column-2\">Nazindi-Gouba<\/td><td class=\"column-3\">20 97 57 57<\/td><td class=\"column-4\">Colma, route de D\u00e9dougou, face au CAS<\/td>\n<\/tr>\n<tr class=\"row-16\">\n\t<td class=\"column-1\">15<\/td><td class=\"column-2\">Nazounki<\/td><td class=\"column-3\">20 97 31 00<\/td><td class=\"column-4\">Sect. 22 \u00e0 200m du Stade LAMIZANA<\/td>\n<\/tr>\n<tr class=\"row-17\">\n\t<td class=\"column-1\">16<\/td><td class=\"column-2\">Sarfalao<\/td><td class=\"column-3\">20 97 01 35<\/td><td class=\"column-4\">A 200m de la Mairie, Arrdt N\u00b05 (ex DAFRA)<\/td>\n<\/tr>\n<tr class=\"row-18\">\n\t<td class=\"column-1\">17<\/td><td class=\"column-2\">Sifoma<\/td><td class=\"column-3\">20 97 19 65<\/td><td class=\"column-4\">Accart Ville face \u00e0 la SONABEL<\/td>\n<\/tr>\n<tr class=\"row-19\">\n\t<td class=\"column-1\">18<\/td><td class=\"column-2\">Sya (Ex Dafra)<\/td><td class=\"column-3\">20 97 79 93<\/td><td class=\"column-4\">Rue Vicens, face au rond point des 03 luttes<\/td>\n<\/tr>\n<tr class=\"row-20\">\n\t<td class=\"column-1\">19<\/td><td class=\"column-2\">Zoe<\/td><td class=\"column-3\">63 10 07 75<\/td><td class=\"column-4\">Sect. 20, route de Orodara, Paroisse St Jean Paul II \/ Lafiabougou<\/td>\n<\/tr>\n<\/tbody>\n<\/table>\n<!-- #tablepress-2 from cache --><\/div>\n\t\t\t\t\t\t<\/div>\n\t\t\t\t<\/div>\n\t\t            <\/div>\n        <\/div>\n                <div class=\"elementor-column elementor-col-33 elementor-top-column elementor-element elementor-element-7593240\" data-id=\"7593240\" data-element_type=\"column\">\n        <div class=\"elementor-widget-wrap elementor-element-populated\">\n                    \n        \t\t<div class=\"elementor-element elementor-element-3ac22f2 elementor-widget elementor-widget-ct_navigation_menu\" data-id=\"3ac22f2\" data-element_type=\"widget\" data-widget_type=\"ct_navigation_menu.default\">\n\t\t\t\t<div class=\"elementor-widget-container\">\n\t\t\t\t\t    <div id=\"ct_navigation_menu-3ac22f2\" class=\"ct-navigation-menu1 style-modern\">\r\n        <div class=\"menu-menu-bobo-container\"><ul id=\"menu-menu-bobo\" class=\"menu\"><li id=\"menu-item-6147\" class=\"menu-item menu-item-type-post_type menu-item-object-page menu-item-6147\"><a href=\"https:\/\/ordrepharmacien.bf\/index.php\/groupe-1-bobo\/\">Groupe 1 \u2013 Bobo<\/a><\/li>\n<li id=\"menu-item-6144\" class=\"menu-item menu-item-type-post_type menu-item-object-page menu-item-6144\"><a href=\"https:\/\/ordrepharmacien.bf\/index.php\/groupe-2-bobo\/\">Groupe 2 \u2013 Bobo<\/a><\/li>\n<li id=\"menu-item-6145\" class=\"menu-item menu-item-type-post_type menu-item-object-page menu-item-6145\"><a href=\"https:\/\/ordrepharmacien.bf\/index.php\/groupe-3-bobo\/\">Groupe 3 \u2013 Bobo<\/a><\/li>\n<li id=\"menu-item-6146\" class=\"menu-item menu-item-type-post_type menu-item-object-page menu-item-6146\"><a href=\"https:\/\/ordrepharmacien.bf\/index.php\/groupe-4-bobo\/\">Groupe 4 \u2013 Bobo<\/a><\/li>\n<\/ul><\/div>    <\/div>\r\n\t\t\t\t<\/div>\n\t\t\t\t<\/div>\n\t\t\t\t<div class=\"elementor-element elementor-element-4009ac1 elementor-widget elementor-widget-spacer\" data-id=\"4009ac1\" data-element_type=\"widget\" data-widget_type=\"spacer.default\">\n\t\t\t\t<div class=\"elementor-widget-container\">\n\t\t\t\t\t\t\t<div class=\"elementor-spacer\">\n\t\t\t<div class=\"elementor-spacer-inner\"><\/div>\n\t\t<\/div>\n\t\t\t\t\t\t<\/div>\n\t\t\t\t<\/div>\n\t\t\t\t<div class=\"elementor-element elementor-element-9e0ce7c elementor-widget elementor-widget-ct_heading\" data-id=\"9e0ce7c\" data-element_type=\"widget\" data-widget_type=\"ct_heading.default\">\n\t\t\t\t<div class=\"elementor-widget-container\">\n\t\t\t\t\t<div id=\"ct_heading-9e0ce7c\" class=\"ct-heading h-align- sub-style1 ct-heading-left item-st-default\">\r\n    <div class=\"ct-item--inner\">\r\n        <div class=\"ct-inline-css\" data-css=\"\r\n            \">\r\n        <\/div>\r\n                <h3 class=\"item--title st-default case-animate-time\" data-wow-delay=\"ms\">\r\n                        <span class=\"sp-main\">\r\n                \r\n                Contact\r\n                \r\n                            <\/span>\r\n                    <\/h3>\r\n    <\/div>\r\n<\/div>\t\t\t\t<\/div>\n\t\t\t\t<\/div>\n\t\t\t\t<div class=\"elementor-element elementor-element-d5b6f62 elementor-widget elementor-widget-ct_contact_info\" data-id=\"d5b6f62\" data-element_type=\"widget\" data-widget_type=\"ct_contact_info.default\">\n\t\t\t\t<div class=\"elementor-widget-container\">\n\t\t\t\t\t    <ul id=\"ct_contact_info-d5b6f62\" class=\"ct-contact-info ct-contact-info1 style2 \">\r\n        <div class=\"ct-inline-css\"  data-css=\"\r\n            \">\r\n\r\n        <\/div>\r\n                    <li>\r\n            \t\t\t\t        <span class=\"ct-contact-icon\">\r\n\t\t                <i aria-hidden=\"true\" class=\"fas fa-map-marked-alt\"><\/i>\t\t                \t\t\t        <\/span>\r\n\t\t\t                                                        <span class=\"ct-contact-content\">\r\n                       Sis au 1er \u00e9tage l'immeuble de la pharmacie SARFALO                    <\/span>\r\n                           <\/li>\r\n                    <li>\r\n            \t\t\t\t        <span class=\"ct-contact-icon\">\r\n\t\t                <i aria-hidden=\"true\" class=\"material zmdi zmdi-phone\"><\/i>\t\t                \t\t\t        <\/span>\r\n\t\t\t                                                        <span class=\"ct-contact-content\">\r\n                       +226 20 97 76 26                    <\/span>\r\n                           <\/li>\r\n                    <li>\r\n            \t\t\t\t        <span class=\"ct-contact-icon\">\r\n\t\t                <i aria-hidden=\"true\" class=\"material zmdi zmdi-email-open\"><\/i>\t\t                \t\t\t        <\/span>\r\n\t\t\t                                                        <span class=\"ct-contact-content\">\r\n                       conseilregional.bobo@gmail.com                    <\/span>\r\n                           <\/li>\r\n            <\/ul>\r\n\t\t\t\t<\/div>\n\t\t\t\t<\/div>\n\t\t\t\t<div class=\"elementor-element elementor-element-39e3356 elementor-widget elementor-widget-spacer\" data-id=\"39e3356\" data-element_type=\"widget\" data-widget_type=\"spacer.default\">\n\t\t\t\t<div class=\"elementor-widget-container\">\n\t\t\t\t\t\t\t<div class=\"elementor-spacer\">\n\t\t\t<div class=\"elementor-spacer-inner\"><\/div>\n\t\t<\/div>\n\t\t\t\t\t\t<\/div>\n\t\t\t\t<\/div>\n\t\t\t\t<div class=\"elementor-element elementor-element-cfe5c81 elementor-widget elementor-widget-ct_download\" data-id=\"cfe5c81\" data-element_type=\"widget\" data-widget_type=\"ct_download.default\">\n\t\t\t\t<div class=\"elementor-widget-container\">\n\t\t\t\t\t    <div class=\"ct-download\">\r\n                    <div class=\"item--download\">\r\n                <a href=\"https:\/\/ordrepharmacien.bf\/wp-content\/uploads\/2025\/07\/carte_pharmacie_Bobo.pdf\" target=\"_blank\">\r\n            \t<i aria-hidden=\"true\" class=\"flaticon flaticon-map\"><\/i>                                <span>Cartographie des pharmacies<\/span>\r\n            \t<\/a>\r\n           <\/div>\r\n            <\/div>\r\n\t\t\t\t<\/div>\n\t\t\t\t<\/div>\n\t\t            <\/div>\n        <\/div>\n                    <\/div>\n        <\/section>\n        \t\t<\/div>\n\t\t","protected":false},"excerpt":{"rendered":"<p>Pharmacie Groupe 2 Bobo Dioulasso Groupe 1 \u2013 Bobo Groupe 2 \u2013 Bobo Groupe 3 \u2013 Bobo Groupe 4 \u2013 Bobo Contact Sis au 1er \u00e9tage l&#8217;immeuble de la pharmacie SARFALO +226 20 97 76 26 conseilregional.bobo@gmail.com Cartographie des pharmacies<\/p>\n","protected":false},"author":1,"featured_media":0,"parent":0,"menu_order":0,"comment_status":"closed","ping_status":"closed","template":"","meta":{"footnotes":""},"class_list":["post-6006","page","type-page","status-publish","hentry"],"_links":{"self":[{"href":"https:\/\/ordrepharmacien.bf\/index.php\/wp-json\/wp\/v2\/pages\/6006","targetHints":{"allow":["GET"]}}],"collection":[{"href":"https:\/\/ordrepharmacien.bf\/index.php\/wp-json\/wp\/v2\/pages"}],"about":[{"href":"https:\/\/ordrepharmacien.bf\/index.php\/wp-json\/wp\/v2\/types\/page"}],"author":[{"embeddable":true,"href":"https:\/\/ordrepharmacien.bf\/index.php\/wp-json\/wp\/v2\/users\/1"}],"replies":[{"embeddable":true,"href":"https:\/\/ordrepharmacien.bf\/index.php\/wp-json\/wp\/v2\/comments?post=6006"}],"version-history":[{"count":0,"href":"https:\/\/ordrepharmacien.bf\/index.php\/wp-json\/wp\/v2\/pages\/6006\/revisions"}],"wp:attachment":[{"href":"https:\/\/ordrepharmacien.bf\/index.php\/wp-json\/wp\/v2\/media?parent=6006"}],"curies":[{"name":"wp","href":"https:\/\/api.w.org\/{rel}","templated":true}]}}