{"id":5915,"date":"2025-06-18T20:28:54","date_gmt":"2025-06-18T18:28:54","guid":{"rendered":"https:\/\/ordrepharmacien.bf\/?page_id=5915"},"modified":"2025-07-14T16:01:30","modified_gmt":"2025-07-14T14:01:30","slug":"mot-de-bienvenue","status":"publish","type":"page","link":"https:\/\/ordrepharmacien.bf\/index.php\/mot-de-bienvenue\/","title":{"rendered":"Mot de bienvenue"},"content":{"rendered":"\t\t<div data-elementor-type=\"wp-page\" data-elementor-id=\"5915\" class=\"elementor elementor-5915\">\n\t\t\t\t        <section class=\"elementor-section elementor-top-section elementor-element elementor-element-c4ac326 elementor-section-stretched elementor-section-boxed elementor-section-height-default elementor-section-height-default ct-header-fixed-none ct-row-max-none\" data-id=\"c4ac326\" data-element_type=\"section\" data-settings=\"{&quot;stretch_section&quot;:&quot;section-stretched&quot;,&quot;background_background&quot;:&quot;classic&quot;}\">\n            \n                        <div class=\"elementor-container elementor-column-gap-extended \">\n                    <div class=\"elementor-column elementor-col-100 elementor-top-column elementor-element elementor-element-1b01205\" data-id=\"1b01205\" data-element_type=\"column\">\n        <div class=\"elementor-widget-wrap elementor-element-populated\">\n                    \n                <section class=\"elementor-section elementor-inner-section elementor-element elementor-element-790a0ef elementor-section-boxed elementor-section-height-default elementor-section-height-default ct-header-fixed-none ct-row-max-none\" data-id=\"790a0ef\" data-element_type=\"section\">\n            \n                        <div class=\"elementor-container elementor-column-gap-extended \">\n                    <div class=\"elementor-column elementor-col-100 elementor-inner-column elementor-element elementor-element-1a7480f\" data-id=\"1a7480f\" data-element_type=\"column\">\n        <div class=\"elementor-widget-wrap elementor-element-populated\">\n                    \n        \r\n\t\t<div class=\"elementor-element elementor-element-a84d9e1 line-sub-preset2 elementor-widget__width-initial elementor-widget elementor-widget-ct_heading\" data-id=\"a84d9e1\" data-element_type=\"widget\" data-widget_type=\"ct_heading.default\">\n\t\t\t\t<div class=\"elementor-widget-container\">\n\t\t\t\t\t<div id=\"ct_heading-a84d9e1\" class=\"ct-heading h-align- sub-style10 ct-heading-left item-st-line-left3\">\r\n    <div class=\"ct-item--inner\">\r\n        <div class=\"ct-inline-css\" data-css=\"\r\n            \">\r\n        <\/div>\r\n                    <div class=\"item--sub-title style10 -line\">\r\n                                                    <span class=\"sub-dots\"><span><\/span><\/span>\r\n                                                Mandat 2024-2027                                                                            <\/div>\r\n                <h4 class=\"item--title st-line-left3 wow wow fadeInLeft\" data-wow-delay=\"ms\">\r\n                        <span class=\"sp-main\">\r\n                \r\n                Mot de bienvenue du Pr\u00e9sident\r\n                \r\n                                    <i class=\"dot-shape\">\r\n                        <i><\/i>\r\n                        <i><\/i>\r\n                        <i><\/i>\r\n                        <i><\/i>\r\n                        <i><\/i>\r\n                        <i><\/i>\r\n                    <\/i>\r\n                            <\/span>\r\n                    <\/h4>\r\n    <\/div>\r\n<\/div>\t\t\t\t<\/div>\n\t\t\t\t<\/div>\n\t\t\t\t<div class=\"elementor-element elementor-element-0d68d0d elementor-widget__width-initial elementor-widget elementor-widget-text-editor\" data-id=\"0d68d0d\" data-element_type=\"widget\" data-widget_type=\"text-editor.default\">\n\t\t\t\t<div class=\"elementor-widget-container\">\n\t\t\t\t\t\t\t\t\t<p><strong><img fetchpriority=\"high\" decoding=\"async\" class=\"alignright wp-image-5918 size-full\" src=\"https:\/\/ordrepharmacien.bf\/wp-content\/uploads\/2025\/06\/nao_nedie_president.jpg\" alt=\"\" width=\"333\" height=\"500\" srcset=\"https:\/\/ordrepharmacien.bf\/wp-content\/uploads\/2025\/06\/nao_nedie_president.jpg 333w, https:\/\/ordrepharmacien.bf\/wp-content\/uploads\/2025\/06\/nao_nedie_president-200x300.jpg 200w\" sizes=\"(max-width: 333px) 100vw, 333px\" \/>Chers internautes, chers pharmaciens, chers professionnels de la sant\u00e9,<\/strong> <br \/>Bienvenue sur le site officiel de l&#8217;Ordre National des Pharmaciens du Burkina Faso. Nous vous accueillons avec un immense plaisir sur cette plateforme num\u00e9rique un carrefour d&#8217;informations, d&#8217;\u00e9changes et de services, pour la promotion d&#8217;une sant\u00e9 publique de qualit\u00e9 au Burkina Faso et le renforcement du r\u00f4le du pharmacien qui est un acteur cl\u00e9 du syst\u00e8me de sant\u00e9.<\/p><p>En tant qu&#8217;institution garante de l\u2019\u00e9thique,\u00a0 de la d\u00e9ontologie et de la bonne pratique de la profession pharmaceutique, l&#8217;Ordre a pour mission principale de veiller \u00e0 la protection de la sant\u00e9 de nos concitoyens. Cela passe par la r\u00e9gulation de l&#8217;exercice professionnel, la promotion des bonnes pratiques pharmaceutiques, et le soutien aux pharmaciens pour qu&#8217;ils puissent exercer leur m\u00e9tier avec excellence et int\u00e9grit\u00e9<\/p><p>Sur ce site, vous trouverez des informations essentielles sur notre organisation, nos missions, l&#8217;actualit\u00e9 de la profession pharmaceutique, ainsi que des ressources utiles pour les pharmaciens, les \u00e9tudiants en pharmacie, nos partenaires et le grand public. Il se veut un outil de transparence et de proximit\u00e9, facilitant la compr\u00e9hension de notre r\u00f4le crucial dans le syst\u00e8me de sant\u00e9.<\/p><p>Chaque pharmacien, qu&#8217;il soit dans l\u2019administration publique, dans la recherche, en biologie, en officine, \u00e0 l&#8217;h\u00f4pital, dans l&#8217;industrie ou la distribution, est un acteur cl\u00e9 de la cha\u00eene du m\u00e9dicament et un conseiller de confiance pour les populations.<\/p><p>Je vous invite \u00e0 naviguer sur nos pages, \u00e0 d\u00e9couvrir nos actions et \u00e0 interagir avec nous. Vos contributions et vos questions sont pr\u00e9cieuses pour nous aider \u00e0 am\u00e9liorer continuellement notre service \u00e0 la profession et \u00e0 la nation.<\/p><p>Au nom de tous les membres du Conseil National de l&#8217;Ordre, je vous souhaite une agr\u00e9able visite et esp\u00e8re que ce site r\u00e9pondra \u00e0 vos attentes.<\/p><p>La Patrie ou la Mort, nous Vaincrons !<\/p>\t\t\t\t\t\t\t\t<\/div>\n\t\t\t\t<\/div>\n\t\t\t\t<div class=\"elementor-element elementor-element-0531aa2 elementor-widget elementor-widget-image\" data-id=\"0531aa2\" data-element_type=\"widget\" data-widget_type=\"image.default\">\n\t\t\t\t<div class=\"elementor-widget-container\">\n\t\t\t\t\t\t\t\t\t\t\t\t\t\t\t<img decoding=\"async\" width=\"350\" height=\"1\" src=\"https:\/\/ordrepharmacien.bf\/wp-content\/uploads\/2019\/12\/about-gap.png\" class=\"attachment-full size-full wp-image-1896\" alt=\"\" srcset=\"https:\/\/ordrepharmacien.bf\/wp-content\/uploads\/2019\/12\/about-gap.png 350w, https:\/\/ordrepharmacien.bf\/wp-content\/uploads\/2019\/12\/about-gap-300x1.png 300w, https:\/\/ordrepharmacien.bf\/wp-content\/uploads\/2019\/12\/about-gap-250x1.png 250w, https:\/\/ordrepharmacien.bf\/wp-content\/uploads\/2019\/12\/about-gap-150x1.png 150w\" sizes=\"(max-width: 350px) 100vw, 350px\" \/>\t\t\t\t\t\t\t\t\t\t\t\t\t\t\t<\/div>\n\t\t\t\t<\/div>\n\t\t\t\t<div class=\"elementor-element elementor-element-0215601 elementor-widget elementor-widget-ct_signature\" data-id=\"0215601\" data-element_type=\"widget\" data-widget_type=\"ct_signature.default\">\n\t\t\t\t<div class=\"elementor-widget-container\">\n\t\t\t\t\t<div class=\"ct-signature1  style1\">\r\n\t    <div class=\"signature-meta\">\r\n    \t<h3>Dr NAO Nedi\u00e9<\/h3>\r\n    \t<span>Pr\u00e9sident du Conseil National                                                             de l\u2019Ordre National des Pharmaciens du Burkina Faso<\/span>\r\n    <\/div>\r\n<\/div>\r\n\t\t\t\t<\/div>\n\t\t\t\t<\/div>\n\t\t            <\/div>\n        <\/div>\n                    <\/div>\n        <\/section>\n                    <\/div>\n        <\/div>\n                    <\/div>\n        <\/section>\n        \t\t<\/div>\n\t\t","protected":false},"excerpt":{"rendered":"<p>Mandat 2024-2027 Mot de bienvenue du Pr\u00e9sident Chers internautes, chers pharmaciens, chers professionnels de la sant\u00e9, Bienvenue sur le site officiel de l&#8217;Ordre National des Pharmaciens du Burkina Faso. Nous vous accueillons avec un immense plaisir sur cette plateforme num\u00e9rique un carrefour d&#8217;informations, d&#8217;\u00e9changes et de services, pour la promotion d&#8217;une sant\u00e9 publique de qualit\u00e9 [&hellip;]<\/p>\n","protected":false},"author":1,"featured_media":0,"parent":0,"menu_order":0,"comment_status":"closed","ping_status":"closed","template":"","meta":{"footnotes":""},"class_list":["post-5915","page","type-page","status-publish","hentry"],"_links":{"self":[{"href":"https:\/\/ordrepharmacien.bf\/index.php\/wp-json\/wp\/v2\/pages\/5915","targetHints":{"allow":["GET"]}}],"collection":[{"href":"https:\/\/ordrepharmacien.bf\/index.php\/wp-json\/wp\/v2\/pages"}],"about":[{"href":"https:\/\/ordrepharmacien.bf\/index.php\/wp-json\/wp\/v2\/types\/page"}],"author":[{"embeddable":true,"href":"https:\/\/ordrepharmacien.bf\/index.php\/wp-json\/wp\/v2\/users\/1"}],"replies":[{"embeddable":true,"href":"https:\/\/ordrepharmacien.bf\/index.php\/wp-json\/wp\/v2\/comments?post=5915"}],"version-history":[{"count":0,"href":"https:\/\/ordrepharmacien.bf\/index.php\/wp-json\/wp\/v2\/pages\/5915\/revisions"}],"wp:attachment":[{"href":"https:\/\/ordrepharmacien.bf\/index.php\/wp-json\/wp\/v2\/media?parent=5915"}],"curies":[{"name":"wp","href":"https:\/\/api.w.org\/{rel}","templated":true}]}}

<div data-elementor-type="wp-page" data-elementor-id="5915" class="elementor elementor-5915">
				        <section class="elementor-section elementor-top-section elementor-element elementor-element-c4ac326 elementor-section-stretched elementor-section-boxed elementor-section-height-default elementor-section-height-default ct-header-fixed-none ct-row-max-none" data-id="c4ac326" data-element_type="section" data-settings="{&quot;stretch_section&quot;:&quot;section-stretched&quot;,&quot;background_background&quot;:&quot;classic&quot;}">
            
                        <div class="elementor-container elementor-column-gap-extended ">
                    <div class="elementor-column elementor-col-100 elementor-top-column elementor-element elementor-element-1b01205" data-id="1b01205" data-element_type="column">
        <div class="elementor-widget-wrap elementor-element-populated">
                    
                <section class="elementor-section elementor-inner-section elementor-element elementor-element-790a0ef elementor-section-boxed elementor-section-height-default elementor-section-height-default ct-header-fixed-none ct-row-max-none" data-id="790a0ef" data-element_type="section">
            
                        <div class="elementor-container elementor-column-gap-extended ">
                    <div class="elementor-column elementor-col-100 elementor-inner-column elementor-element elementor-element-1a7480f" data-id="1a7480f" data-element_type="column">
        <div class="elementor-widget-wrap elementor-element-populated">
                    
        
		<div class="elementor-element elementor-element-a84d9e1 line-sub-preset2 elementor-widget__width-initial elementor-widget elementor-widget-ct_heading" data-id="a84d9e1" data-element_type="widget" data-widget_type="ct_heading.default">
				<div class="elementor-widget-container">
					<div id="ct_heading-a84d9e1" class="ct-heading h-align- sub-style10 ct-heading-left item-st-line-left3">
    <div class="ct-item--inner">
        <div class="ct-inline-css" data-css="
            ">
        </div>
                    <div class="item--sub-title style10 -line">
                                                    <span class="sub-dots"><span></span></span>
                                                Mandat 2024-2027                                                                            </div>
                <h4 class="item--title st-line-left3 wow wow fadeInLeft" data-wow-delay="ms">
                        <span class="sp-main">
                
                Mot de bienvenue du Président
                
                                    <i class="dot-shape">
                        <i></i>
                        <i></i>
                        <i></i>
                        <i></i>
                        <i></i>
                        <i></i>
                    </i>
                            </span>
                    </h4>
    </div>
</div>				</div>
				</div>
				<div class="elementor-element elementor-element-0d68d0d elementor-widget__width-initial elementor-widget elementor-widget-text-editor" data-id="0d68d0d" data-element_type="widget" data-widget_type="text-editor.default">
				<div class="elementor-widget-container">
									<p><strong><img fetchpriority="high" decoding="async" class="alignright wp-image-5918 size-full" src="https://ordrepharmacien.bf/wp-content/uploads/2025/06/nao_nedie_president.jpg" alt="" width="333" height="500" srcset="https://ordrepharmacien.bf/wp-content/uploads/2025/06/nao_nedie_president.jpg 333w, https://ordrepharmacien.bf/wp-content/uploads/2025/06/nao_nedie_president-200x300.jpg 200w" sizes="(max-width: 333px) 100vw, 333px" />Chers internautes, chers pharmaciens, chers professionnels de la santé,</strong> <br />Bienvenue sur le site officiel de l&#8217;Ordre National des Pharmaciens du Burkina Faso. Nous vous accueillons avec un immense plaisir sur cette plateforme numérique un carrefour d&#8217;informations, d&#8217;échanges et de services, pour la promotion d&#8217;une santé publique de qualité au Burkina Faso et le renforcement du rôle du pharmacien qui est un acteur clé du système de santé.</p><p>En tant qu&#8217;institution garante de l’éthique,  de la déontologie et de la bonne pratique de la profession pharmaceutique, l&#8217;Ordre a pour mission principale de veiller à la protection de la santé de nos concitoyens. Cela passe par la régulation de l&#8217;exercice professionnel, la promotion des bonnes pratiques pharmaceutiques, et le soutien aux pharmaciens pour qu&#8217;ils puissent exercer leur métier avec excellence et intégrité</p><p>Sur ce site, vous trouverez des informations essentielles sur notre organisation, nos missions, l&#8217;actualité de la profession pharmaceutique, ainsi que des ressources utiles pour les pharmaciens, les étudiants en pharmacie, nos partenaires et le grand public. Il se veut un outil de transparence et de proximité, facilitant la compréhension de notre rôle crucial dans le système de santé.</p><p>Chaque pharmacien, qu&#8217;il soit dans l’administration publique, dans la recherche, en biologie, en officine, à l&#8217;hôpital, dans l&#8217;industrie ou la distribution, est un acteur clé de la chaîne du médicament et un conseiller de confiance pour les populations.</p><p>Je vous invite à naviguer sur nos pages, à découvrir nos actions et à interagir avec nous. Vos contributions et vos questions sont précieuses pour nous aider à améliorer continuellement notre service à la profession et à la nation.</p><p>Au nom de tous les membres du Conseil National de l&#8217;Ordre, je vous souhaite une agréable visite et espère que ce site répondra à vos attentes.</p><p>La Patrie ou la Mort, nous Vaincrons !</p>								</div>
				</div>
				<div class="elementor-element elementor-element-0531aa2 elementor-widget elementor-widget-image" data-id="0531aa2" data-element_type="widget" data-widget_type="image.default">
				<div class="elementor-widget-container">
															<img decoding="async" width="350" height="1" src="https://ordrepharmacien.bf/wp-content/uploads/2019/12/about-gap.png" class="attachment-full size-full wp-image-1896" alt="" srcset="https://ordrepharmacien.bf/wp-content/uploads/2019/12/about-gap.png 350w, https://ordrepharmacien.bf/wp-content/uploads/2019/12/about-gap-300x1.png 300w, https://ordrepharmacien.bf/wp-content/uploads/2019/12/about-gap-250x1.png 250w, https://ordrepharmacien.bf/wp-content/uploads/2019/12/about-gap-150x1.png 150w" sizes="(max-width: 350px) 100vw, 350px" />															</div>
				</div>
				<div class="elementor-element elementor-element-0215601 elementor-widget elementor-widget-ct_signature" data-id="0215601" data-element_type="widget" data-widget_type="ct_signature.default">
				<div class="elementor-widget-container">
					<div class="ct-signature1  style1">
	    <div class="signature-meta">
    	<h3>Dr NAO Nedié</h3>
    	<span>Président du Conseil National                                                             de l’Ordre National des Pharmaciens du Burkina Faso</span>
    </div>
</div>
				</div>
				</div>
		            </div>
        </div>
                    </div>
        </section>
                    </div>
        </div>
                    </div>
        </section>
        		</div>

<p>Mandat 2024-2027 Mot de bienvenue du Président Chers internautes, chers pharmaciens, chers professionnels de la santé, Bienvenue sur le site officiel de l&#8217;Ordre National des Pharmaciens du Burkina Faso. Nous vous accueillons avec un immense plaisir sur cette plateforme numérique un carrefour d&#8217;informations, d&#8217;échanges et de services, pour la promotion d&#8217;une santé publique de qualité [&hellip;]</p>
