{"id":5616,"date":"2025-06-09T21:07:34","date_gmt":"2025-06-09T19:07:34","guid":{"rendered":"https:\/\/ordrepharmacien.bf\/?page_id=5616"},"modified":"2025-06-09T21:12:02","modified_gmt":"2025-06-09T19:12:02","slug":"code-de-deontologie","status":"publish","type":"page","link":"https:\/\/ordrepharmacien.bf\/index.php\/code-de-deontologie\/","title":{"rendered":"Code de d\u00e9ontologie"},"content":{"rendered":"\t\t<div data-elementor-type=\"wp-page\" data-elementor-id=\"5616\" class=\"elementor elementor-5616\">\n\t\t\t\t        <section class=\"elementor-section elementor-top-section elementor-element elementor-element-f261c77 elementor-section-boxed elementor-section-height-default elementor-section-height-default ct-header-fixed-none ct-row-max-none\" data-id=\"f261c77\" data-element_type=\"section\">\n            \n                        <div class=\"elementor-container elementor-column-gap-default \">\n                    <div class=\"elementor-column elementor-col-100 elementor-top-column elementor-element elementor-element-338cd2f\" data-id=\"338cd2f\" data-element_type=\"column\">\n        <div class=\"elementor-widget-wrap elementor-element-populated\">\n                    \n        \r\n\t\t<div class=\"elementor-element elementor-element-0b82699 elementor-widget elementor-widget-ct_heading\" data-id=\"0b82699\" data-element_type=\"widget\" data-widget_type=\"ct_heading.default\">\n\t\t\t\t<div class=\"elementor-widget-container\">\n\t\t\t\t\t<div id=\"ct_heading-0b82699\" class=\"ct-heading h-align- sub-style9 ct-heading-left item-st-line-left3\">\r\n    <div class=\"ct-item--inner\">\r\n        <div class=\"ct-inline-css\" data-css=\"\r\n            \">\r\n        <\/div>\r\n                    <div class=\"item--sub-title style9 show-line\">\r\n                                                                Textes normatifs                                                                    <span class=\"line-left\"><\/span>\r\n                    <span class=\"line-right\"><\/span>\r\n                                            <\/div>\r\n                <h3 class=\"item--title st-line-left3 wow wow fadeInUp\" data-wow-delay=\"ms\">\r\n                        <span class=\"sp-main\">\r\n                \r\n                DECRET N\u00b02014- 047 \/PRES\/PM\/MS portant code de d\u00e9ontologie des pharmaciens du Burkina Faso.\r\n                \r\n                                    <i class=\"dot-shape\">\r\n                        <i><\/i>\r\n                        <i><\/i>\r\n                        <i><\/i>\r\n                        <i><\/i>\r\n                        <i><\/i>\r\n                        <i><\/i>\r\n                    <\/i>\r\n                            <\/span>\r\n                    <\/h3>\r\n    <\/div>\r\n<\/div>\t\t\t\t<\/div>\n\t\t\t\t<\/div>\n\t\t            <\/div>\n        <\/div>\n                    <\/div>\n        <\/section>\n        <div class=\"elementor-element elementor-element-65973e6 e-flex e-con-boxed e-con e-parent\" data-id=\"65973e6\" data-element_type=\"container\">\n\t\t\t\t\t<div class=\"e-con-inner\">\n\t\t<div class=\"elementor-element elementor-element-f70fba3 e-con-full e-flex e-con e-child\" data-id=\"f70fba3\" data-element_type=\"container\">\n\t\t\t\t<div class=\"elementor-element elementor-element-56f3758 elementor-widget elementor-widget-text-editor\" data-id=\"56f3758\" data-element_type=\"widget\" data-widget_type=\"text-editor.default\">\n\t\t\t\t<div class=\"elementor-widget-container\">\n\t\t\t\t\t\t\t\t\t<p>Les dispositions du pr\u00e9sent code de d\u00e9ontologie d\u00e9finissent les principes g\u00e9n\u00e9raux pour l&#8217;exercice de la profession de pharmacien sur le territoire national.<\/p><p>Elles s&#8217;imposent aux pharmaciens remplissant les conditions l\u00e9gales et r\u00e9glementaires et en cons\u00e9quence inscrits au tableau de l&#8217;Ordre.<\/p><p>Elles s&#8217;imposent \u00e9galement aux \u00e9tudiants en pharmacie autoris\u00e9s \u00e0 faire des remplacements selon les conditions en vigueur.<\/p>\t\t\t\t\t\t\t\t<\/div>\n\t\t\t\t<\/div>\n\t\t\t\t<\/div>\n\t\t<div class=\"elementor-element elementor-element-a422a46 e-con-full e-flex e-con e-child\" data-id=\"a422a46\" data-element_type=\"container\">\n\t\t\t\t<div class=\"elementor-element elementor-element-ad3304c elementor-widget elementor-widget-ct_download\" data-id=\"ad3304c\" data-element_type=\"widget\" data-widget_type=\"ct_download.default\">\n\t\t\t\t<div class=\"elementor-widget-container\">\n\t\t\t\t\t    <div class=\"ct-download\">\r\n                    <div class=\"item--download\">\r\n                <a href=\"https:\/\/ordrepharmacien.bf\/wp-content\/uploads\/2025\/06\/Decret-portant-code-de-deontologie-des-pharmaciens-du-BF-1.pdf\" target=\"_blank\">\r\n            \t<i aria-hidden=\"true\" class=\"flaticonv5 flaticonv5-download\"><\/i>                                <span>T\u00e9l\u00e9charger le code de d\u00e9ontologie des pharmaciens<\/span>\r\n            \t<\/a>\r\n           <\/div>\r\n            <\/div>\r\n\t\t\t\t<\/div>\n\t\t\t\t<\/div>\n\t\t\t\t<\/div>\n\t\t\t\t\t<\/div>\n\t\t\t\t<\/div>\n\t\t        <section class=\"elementor-section elementor-top-section elementor-element elementor-element-2c35c3a elementor-section-boxed elementor-section-height-default elementor-section-height-default ct-header-fixed-none ct-row-max-none\" data-id=\"2c35c3a\" data-element_type=\"section\">\n            \n                        <div class=\"elementor-container elementor-column-gap-extended \">\n                    <div class=\"elementor-column elementor-col-100 elementor-top-column elementor-element elementor-element-6228b18\" data-id=\"6228b18\" data-element_type=\"column\">\n        <div class=\"elementor-widget-wrap\">\n                    \n                    <\/div>\n        <\/div>\n                    <\/div>\n        <\/section>\n        \t\t<\/div>\n\t\t","protected":false},"excerpt":{"rendered":"<p>Textes normatifs DECRET N\u00b02014- 047 \/PRES\/PM\/MS portant code de d\u00e9ontologie des pharmaciens du Burkina Faso. Les dispositions du pr\u00e9sent code de d\u00e9ontologie d\u00e9finissent les principes g\u00e9n\u00e9raux pour l&#8217;exercice de la profession de pharmacien sur le territoire national. Elles s&#8217;imposent aux pharmaciens remplissant les conditions l\u00e9gales et r\u00e9glementaires et en cons\u00e9quence inscrits au tableau de l&#8217;Ordre. [&hellip;]<\/p>\n","protected":false},"author":1,"featured_media":0,"parent":0,"menu_order":0,"comment_status":"closed","ping_status":"closed","template":"","meta":{"footnotes":""},"class_list":["post-5616","page","type-page","status-publish","hentry"],"_links":{"self":[{"href":"https:\/\/ordrepharmacien.bf\/index.php\/wp-json\/wp\/v2\/pages\/5616","targetHints":{"allow":["GET"]}}],"collection":[{"href":"https:\/\/ordrepharmacien.bf\/index.php\/wp-json\/wp\/v2\/pages"}],"about":[{"href":"https:\/\/ordrepharmacien.bf\/index.php\/wp-json\/wp\/v2\/types\/page"}],"author":[{"embeddable":true,"href":"https:\/\/ordrepharmacien.bf\/index.php\/wp-json\/wp\/v2\/users\/1"}],"replies":[{"embeddable":true,"href":"https:\/\/ordrepharmacien.bf\/index.php\/wp-json\/wp\/v2\/comments?post=5616"}],"version-history":[{"count":0,"href":"https:\/\/ordrepharmacien.bf\/index.php\/wp-json\/wp\/v2\/pages\/5616\/revisions"}],"wp:attachment":[{"href":"https:\/\/ordrepharmacien.bf\/index.php\/wp-json\/wp\/v2\/media?parent=5616"}],"curies":[{"name":"wp","href":"https:\/\/api.w.org\/{rel}","templated":true}]}}